ue
Let s(y) be the first derivative of -27*y**2/2 - 5*y + 1. Suppose -14*p - 20 = 92. Is s(p) prime?
True
Let p = -234 + 40. Suppose 86 - 1157 = -3*u. Let o = p + u. Is o a prime number?
True
Is 46*(-1644)/(-6) + 2 + -1 a composite number?
True
Let w = 4 + -1. Suppose -3*r = -2*a - 200, r + 372 = -a - w*a. Let t = 311 + a. Is t prime?
False
Suppose 0*j + j - 1878 = 0. Let a = j - 973. Is a a composite number?
True
Is 1483335/21 - 6*(-8)/(-12) a prime number?
False
Let f(l) = l**2 + l. Let r be f(-2). Suppose 0*t + r*t = 96. Suppose -44 = -2*d + t. Is d composite?
True
Suppose 11 = -p - 4*f, -2*p = 3*f + 3 - 1. Let g = -13 + p. Is 193/2 + 12/g a composite number?
True
Suppose 4*x - x - 21 = 0. Suppose 2*r + 13 = -x. Is (-819)/(-33) - r/55 a prime number?
False
Let o(b) = 2 + 3 - 78*b + 24 + 27*b. Is o(-20) prime?
True
Let l be (-2)/(-4)*(-10)/5. Let t be ((-4)/(-4) + 5)*l. Let b(d) = -d**3 + d**2 + d + 7. Is b(t) composite?
True
Let h(k) = -k**2 - 13*k - 9. Let f = 4 - 12. Is h(f) a prime number?
True
Let g(n) = 6*n - 4*n**2 + 2*n**3 + 4*n - 1 - 4 + 0*n. Is g(8) a prime number?
False
Let g = 221 + -141. Let m = 507 + g. Is m a composite number?
False
Suppose a = 5*u + 63, 3*a - 113 = -2*u + 8. Let w be (a - -3)/2 - -3. Is 6/(-39) + 680/w composite?
True
Is ((-2)/(-5))/(-7*(-8)/67060) a prime number?
True
Suppose 0 = 2*i + 3*p - 15 - 19, 4*i = -3*p + 56. Suppose 0 = -4*j + 3067 - i. Suppose 0 = -r - 3*r + j. Is r a composite number?
False
Let n = 34706 - 17395. Is n a composite number?
True
Suppose v - 5*v = -12. Suppose v*j - 1964 = -j. Is j a prime number?
True
Let c = 124473 - 88279. Is c a composite number?
True
Is (1*-271)/((-19)/209) prime?
False
Let o = -99 + -179. Let y = o + 759. Is y a prime number?
False
Is 32539*(-6 - -10)/4 a composite number?
True
Let n(u) = -2*u - 4. Let j be n(-3). Is (j/(-3))/(14/(-18039)) prime?
True
Let s be (-2 - 1/(-1)) + 3. Let l(a) = -a**3 + 7*a + 2*a**2 - 2*a - 1 - 10*a**s. Is l(-9) composite?
True
Suppose 3*f = 14 - 17, -50 = -2*t - 2*f. Suppose 0*z - 1 = -5*j + 3*z, 4*z = j - 7. Is (-3)/j*-1 + t composite?
False
Let h(p) = -p**2 - 4*p + 6. Let j be h(-5). Let r be 2 + -6*j/(-2). Let q(c) = 3*c - 8. Is q(r) a composite number?
False
Let u = 335 - 190. Suppose i + 6472 = 3*r, -4*r - i = u - 8772. Is r a composite number?
True
Let m = -5 + 41. Let v be (-9)/(-12) - m/(-16). Suppose -v*x + 455 = -2*q, -3*q - 8 = 4. Is x prime?
True
Let z(j) be the second derivative of -j**5/20 + j**4 - 4*j**3/3 + 7*j**2 - 10*j. Is z(9) a composite number?
True
Let l = 10 + -15. Let f be (-22)/(-55) - 11963/l. Suppose -2*c + s = -s - 962, s = 5*c - f. Is c a prime number?
False
Let b = 542 - 21. Is b composite?
False
Suppose -1 = -h + 3*h - 3*p, 2*h + 4*p = 6. Let q = 6 - h. Is (-3)/q + 1192/20 a prime number?
True
Is 6/12*64684 + 11 composite?
False
Let m(n) = 7051*n**2 + 8*n - 2. Is m(1) a prime number?
True
Let z(a) = -3820*a + 561. Is z(-5) composite?
False
Is (-56)/(-896) - (-69231)/16 composite?
False
Suppose 0*f = -5*f. Suppose -2*k + 3*k - 2601 = 3*w, f = 5*w + 2*k + 4324. Let b = w - -1248. Is b prime?
False
Let p be (5/(-2))/((9/(-6))/3). Suppose -p*n = 302 - 1027. Is n composite?
True
Suppose 0 = -5*x - 4*u + 30209 + 20266, 5*u = x - 10124. Is x a composite number?
False
Suppose 9*k + 236 = 5069. Is 1*k + (19 - 15) a prime number?
True
Let k(z) = z**2 + 3*z. Let m be k(-2). Let n(q) = -q + 2. Let i be n(m). Suppose -i*l = -3*l - 1055. Is l a prime number?
False
Let d(m) be the first derivative of -12*m**2 - 3*m - 7. Let b be d(-2). Is (-515)/(-9) - 10/b prime?
False
Suppose -3*m + 3*l + 3 = 6, 2*m + 5*l = 33. Suppose m = -3*b + 1. Is (b/(-3))/(5/195) a composite number?
False
Let t(m) = -m**2 - 8*m - 4. Let r be t(-7). Let b be 73/1 - r/3. Suppose 0 = -d - 5, -4*f + 4*d = -0*d - b. Is f a prime number?
True
Let o(d) = -d**3 + 16*d**2 - 14*d - 7. Let x be o(15). Suppose -10*v = -x*v + 54. Let r = v + 46. Is r a composite number?
False
Let i(y) = -8*y**3 - 28*y**2 + 5*y + 63. Is i(-8) composite?
True
Suppose 0 = 2*w + 9*w + 22. Let j(c) = 92*c**2 + 3. Is j(w) prime?
False
Suppose 0 = 7*u - 13818 + 3591. Is u composite?
True
Let j(u) = 3 - 3*u**3 - u**2 + 326 + 2*u**3. Let i = 303 - 303. Is j(i) a prime number?
False
Let q(j) = 48*j**2 - 2 - 47*j**2 + 1 + 6*j. Let f be q(-4). Let d(m) = -9*m + 8. Is d(f) prime?
True
Suppose 4 = -4*j, -b - 3*b + 16 = 4*j. Suppose b*w + 5*l + 83 = 2123, 5*w - 2050 = -3*l. Is w a composite number?
True
Suppose -50 = 2*z - 5*q, 4*z - 4*q + 18 = -94. Let d = 64 + z. Is d a prime number?
False
Let f(j) = j**3 + 34*j**2 - 8*j - 37. Is f(-26) a composite number?
True
Suppose 5*w = n + 29, -5*n - 5*w + 1 = -4. Let i be 16*(0 - 1/n). Suppose -2327 = -i*f + 5*t, -442 = -f + 5*t + 136. Is f a composite number?
True
Let b(n) = 22*n**2 + 5*n + 1. Let z be b(-4). Let c = 1240 - z. Is c a prime number?
True
Suppose -q - 2*y - 25 = -7, 0 = -q + y - 15. Let r be (-4)/q + (-1821)/(-12). Let a = -65 + r. Is a a prime number?
False
Let b be 2 + 1/4*0. Suppose -5 + b = -c. Is c a prime number?
True
Let n = 2314 + -915. Is n a prime number?
True
Let v be -1 + 3*6/9. Let x(k) = -362*k - v + 0 - 286*k + 12*k. Is x(-1) composite?
True
Is ((-5333)/(-5) - -7) + 3/(-5) a prime number?
False
Let q = 5 + -6. Is (-1128)/(-32) + q/4 prime?
False
Let q = 728 - -1195. Is q prime?
False
Let y(i) = i**3 - 10*i**2 - 8*i - 4. Let f be y(7). Let p = -207 - 143. Let n = f - p. Is n a prime number?
False
Let x(f) = 22*f + 9. Let s be x(-9). Let n = s + 496. Is (6 - 4)/(2/n) prime?
True
Suppose -4*t = t - 6660. Suppose -4 = 5*k + 1, 3*k = 3*w - t. Is w a prime number?
True
Suppose 5*a + 5*o - 40 = 0, -2*a + 2 = -5*o - 0. Is 887*(5 + (2 - a)) composite?
False
Suppose -u + 34 = 4*f - 4*u, 2*u = 4*f - 36. Suppose 3*y - f = -2*y. Suppose -3*l + 439 = -y*l. Is l prime?
True
Let n = 5145 + -1786. Is n a composite number?
False
Let l(w) = -54*w**3 - 3*w + 6. Let u be l(-4). Suppose u = 5*a - 22821. Is a a composite number?
True
Suppose -6*j = 7*j - 43238. Is j prime?
False
Suppose m = -3*m + 1064. Let q(w) = w**2 - 3*w + 2. Let a be q(2). Suppose -2*d - j + m = a, -2*d = 3*j + j - 266. Is d a composite number?
True
Is (10/(-8))/(3/(-37608)*2) a composite number?
True
Suppose 0 = 7*c - 18*c + 81323. Is c prime?
True
Suppose -4*j - 1503 + 8515 = 0. Suppose -4*v + 7*v - j = 4*p, -v = 3*p - 593. Is v prime?
True
Is (-8 - -5999) + 2 + (-7 - -1) composite?
False
Let m = 67 + -113. Let l = -78 + -126. Let n = m - l. Is n a prime number?
False
Let t = -6 - -8. Suppose -t*u = -8*u + 1254. Is u composite?
True
Suppose -1914*a + 1907*a = -87717. Is a a composite number?
True
Let a(y) be the first derivative of -y**4/2 - 10*y**3/3 - 6*y**2 - 7*y - 27. Is a(-12) prime?
True
Let m(c) = -108*c**3 + 1. Suppose 3 = -3*o + 27. Suppose -z = b - 2, z + 3*b - o = -0*b. Is m(z) a prime number?
True
Suppose 0 = -2*h + 864 + 6934. Is h prime?
False
Suppose 0 = 3*j + 4*n - 54445, -39*j = -38*j - 2*n - 18135. Is j a prime number?
True
Let p = -41 + 39. Is ((-4)/2 + 3)/(p/(-1114)) prime?
True
Let c(i) = 32*i + 23 - 7 + 3. Is c(9) composite?
False
Suppose d - 2 - 2 = 0. Suppose -5*g + 50 = -0*q + d*q, -g + 42 = 4*q. Is (q/8)/(1/52) prime?
False
Suppose 4*p - 19978 = -2*n + 2974, 0 = 5*p - n - 28683. Is p composite?
False
Suppose -5*t + 4 = -3*t, 522 = 4*h - 5*t. Is h a composite number?
True
Let n be 12/20 + (-2 - (-219)/(-15)). Let d = n - -105. Is d a composite number?
False
Let a(n) = -4*n. Let i be a(-6). Let v = i - 5. Suppose 0 = 2*j - j - v. Is j a prime number?
True
Suppose 5*z - 5 = 10, 2*z = 3*j + 465. Suppose -18*n = -5802 - 1398. Let d = j + n. Is d prime?
False
Suppose -3*t = -2*m + 4251 + 2457, 0 = 3*m + t - 10040. Suppose -3*l = c - m, 0 = -4*l - 0*c + 2*c + 4474. Is l composite?
False
Let i(y) = 2108*y**2 - 2*y + 1. Let r be i(1). Let m = 2994 - r. Is m a composite number?
False
Let u be (0 - -1)/(10/20). Suppose 0 = u*y - 10 - 62. Is 31944/y + 1/(-3) prime?
True
Suppose 3*d = 5*p + 17609, -11 + 6 = -p. Is d prime?
False
Let f = 7 - 5. Suppose -y + 522 = f*y. Suppose 294 = 5*k + a, 0*a = -3*k - 3*a + y. Is k composite?
False
Let m(o) = -4498*o - 387. Is m(-8) prime?
True
Let g(w) = w**3 - 19*w**2 + 16*w + 38. Let l be g(18). Suppose -l*a -